{"id":1711,"date":"2026-02-08T14:27:20","date_gmt":"2026-02-08T14:27:20","guid":{"rendered":"https:\/\/jazzworldquest.com\/florin_raducanu\/?page_id=1711"},"modified":"2026-02-23T18:37:01","modified_gmt":"2026-02-23T18:37:01","slug":"musical-project-with-his-students","status":"publish","type":"page","link":"https:\/\/jazzworldquest.com\/florin_raducanu\/musical-project-with-his-students\/","title":{"rendered":"Musical project with his students"},"content":{"rendered":"\n<figure class=\"wp-block-image size-large\"><img data-attachment-id=\"1682\" data-permalink=\"https:\/\/jazzworldquest.com\/florin_raducanu\/slide-concert-17dec2025\/\" data-orig-file=\"https:\/\/jazzworldquest.com\/florin_raducanu\/wp-content\/uploads\/2025\/12\/slide-concert-17dec2025.jpg\" data-orig-size=\"1280,550\" data-comments-opened=\"0\" data-image-meta=\"{&quot;aperture&quot;:&quot;0&quot;,&quot;credit&quot;:&quot;&quot;,&quot;camera&quot;:&quot;&quot;,&quot;caption&quot;:&quot;&quot;,&quot;created_timestamp&quot;:&quot;0&quot;,&quot;copyright&quot;:&quot;&quot;,&quot;focal_length&quot;:&quot;0&quot;,&quot;iso&quot;:&quot;0&quot;,&quot;shutter_speed&quot;:&quot;0&quot;,&quot;title&quot;:&quot;&quot;,&quot;orientation&quot;:&quot;1&quot;}\" data-image-title=\"slide-concert-17dec2025\" data-image-description=\"\" data-medium-file=\"https:\/\/jazzworldquest.com\/florin_raducanu\/wp-content\/uploads\/2025\/12\/slide-concert-17dec2025-300x129.jpg\" data-large-file=\"https:\/\/jazzworldquest.com\/florin_raducanu\/wp-content\/uploads\/2025\/12\/slide-concert-17dec2025-1024x440.jpg\" loading=\"lazy\" width=\"1024\" height=\"440\" src=\"https:\/\/jazzworldquest.com\/florin_raducanu\/wp-content\/uploads\/2025\/12\/slide-concert-17dec2025-1024x440.jpg\" alt=\"\" class=\"wp-image-1682\" srcset=\"https:\/\/jazzworldquest.com\/florin_raducanu\/wp-content\/uploads\/2025\/12\/slide-concert-17dec2025-1024x440.jpg 1024w, https:\/\/jazzworldquest.com\/florin_raducanu\/wp-content\/uploads\/2025\/12\/slide-concert-17dec2025-300x129.jpg 300w, https:\/\/jazzworldquest.com\/florin_raducanu\/wp-content\/uploads\/2025\/12\/slide-concert-17dec2025-768x330.jpg 768w, https:\/\/jazzworldquest.com\/florin_raducanu\/wp-content\/uploads\/2025\/12\/slide-concert-17dec2025.jpg 1280w\" sizes=\"(max-width: 1024px) 100vw, 1024px\" \/><\/figure>\n\n\n\n<figure class=\"wp-block-video\"><video controls src=\"https:\/\/jazzworldquest.com\/florin_raducanu\/wp-content\/uploads\/2025\/12\/Concert-de-Craciun-2025.mp4\"><\/video><\/figure>\n\n\n\n<figure class=\"wp-block-video\"><video controls src=\"https:\/\/jazzworldquest.com\/florin_raducanu\/wp-content\/uploads\/2026\/02\/Concert-Craciun-Florin-Floretin-Raducanu.mp4\"><\/video><\/figure>\n\n\n\n<p>Se cunoa\u0219te faptul c\u0103 ,,Ave Maria&#8221; de C. Gounod s-a realizat pe baza artei improviza\u021biei, tehnic\u0103 pe care Gounod o st\u0103p\u00e2nea foarte bine. Pornind de la Preludiul nr.1 in C major din Clavecinul bine temperat de Bach, Gounod a realizat o improviza\u021bie pe care socrul acestuia a pus-o pe note\u2026 Astfel, a luat na\u0219tere o inspirat\u0103 melodie bazat\u0103 pe cadrul tonal al genialului Bach.<\/p>\n\n\n\n<p>Personal am creat un set de varia\u021biuni pentru clarinet, dup\u0103 care am orchestrat pentru ansamblu cameral. T\u00e2n\u0103ra orchestr\u0103 academic\u0103 de la Universitatea Valahia din T\u00e2rgovi\u0219te a prezentat versiunea \u00een Concertul de Cr\u0103ciun 2025 din care prezent\u0103m aici un fragment de la repeti\u021bia general\u0103.<\/p>\n\n\n\n<figure class=\"wp-block-image size-large\"><img data-attachment-id=\"1717\" data-permalink=\"https:\/\/jazzworldquest.com\/florin_raducanu\/florin-raducanu-ave-maria\/\" data-orig-file=\"https:\/\/jazzworldquest.com\/florin_raducanu\/wp-content\/uploads\/2026\/02\/Florin-Raducanu-Ave-Maria.jpg\" data-orig-size=\"1236,1600\" data-comments-opened=\"0\" data-image-meta=\"{&quot;aperture&quot;:&quot;0&quot;,&quot;credit&quot;:&quot;&quot;,&quot;camera&quot;:&quot;&quot;,&quot;caption&quot;:&quot;&quot;,&quot;created_timestamp&quot;:&quot;0&quot;,&quot;copyright&quot;:&quot;&quot;,&quot;focal_length&quot;:&quot;0&quot;,&quot;iso&quot;:&quot;0&quot;,&quot;shutter_speed&quot;:&quot;0&quot;,&quot;title&quot;:&quot;&quot;,&quot;orientation&quot;:&quot;0&quot;}\" data-image-title=\"Florin Raducanu-Ave Maria\" data-image-description=\"\" data-medium-file=\"https:\/\/jazzworldquest.com\/florin_raducanu\/wp-content\/uploads\/2026\/02\/Florin-Raducanu-Ave-Maria-232x300.jpg\" data-large-file=\"https:\/\/jazzworldquest.com\/florin_raducanu\/wp-content\/uploads\/2026\/02\/Florin-Raducanu-Ave-Maria-791x1024.jpg\" loading=\"lazy\" width=\"791\" height=\"1024\" src=\"https:\/\/jazzworldquest.com\/florin_raducanu\/wp-content\/uploads\/2026\/02\/Florin-Raducanu-Ave-Maria-791x1024.jpg\" alt=\"\" class=\"wp-image-1717\" srcset=\"https:\/\/jazzworldquest.com\/florin_raducanu\/wp-content\/uploads\/2026\/02\/Florin-Raducanu-Ave-Maria-791x1024.jpg 791w, https:\/\/jazzworldquest.com\/florin_raducanu\/wp-content\/uploads\/2026\/02\/Florin-Raducanu-Ave-Maria-232x300.jpg 232w, https:\/\/jazzworldquest.com\/florin_raducanu\/wp-content\/uploads\/2026\/02\/Florin-Raducanu-Ave-Maria-768x994.jpg 768w, https:\/\/jazzworldquest.com\/florin_raducanu\/wp-content\/uploads\/2026\/02\/Florin-Raducanu-Ave-Maria-1187x1536.jpg 1187w, https:\/\/jazzworldquest.com\/florin_raducanu\/wp-content\/uploads\/2026\/02\/Florin-Raducanu-Ave-Maria.jpg 1236w\" sizes=\"(max-width: 791px) 100vw, 791px\" \/><\/figure>\n","protected":false},"excerpt":{"rendered":"<p>Se cunoa\u0219te faptul c\u0103 ,,Ave Maria&#8221; de C. Gounod s-a realizat pe baza artei improviza\u021biei, tehnic\u0103 pe care Gounod o st\u0103p\u00e2nea foarte bine. Pornind de la Preludiul nr.1 in C <a class=\"more-link\" href=\"https:\/\/jazzworldquest.com\/florin_raducanu\/musical-project-with-his-students\/\">Continue Reading \u2192<\/a><\/p>\n","protected":false},"author":1,"featured_media":0,"parent":0,"menu_order":0,"comment_status":"closed","ping_status":"closed","template":"","meta":{"_monsterinsights_skip_tracking":false,"_monsterinsights_sitenote_active":false,"_monsterinsights_sitenote_note":"","_monsterinsights_sitenote_category":0,"sharing_disabled":false,"spay_email":""},"_links":{"self":[{"href":"https:\/\/jazzworldquest.com\/florin_raducanu\/wp-json\/wp\/v2\/pages\/1711"}],"collection":[{"href":"https:\/\/jazzworldquest.com\/florin_raducanu\/wp-json\/wp\/v2\/pages"}],"about":[{"href":"https:\/\/jazzworldquest.com\/florin_raducanu\/wp-json\/wp\/v2\/types\/page"}],"author":[{"embeddable":true,"href":"https:\/\/jazzworldquest.com\/florin_raducanu\/wp-json\/wp\/v2\/users\/1"}],"replies":[{"embeddable":true,"href":"https:\/\/jazzworldquest.com\/florin_raducanu\/wp-json\/wp\/v2\/comments?post=1711"}],"version-history":[{"count":4,"href":"https:\/\/jazzworldquest.com\/florin_raducanu\/wp-json\/wp\/v2\/pages\/1711\/revisions"}],"predecessor-version":[{"id":1721,"href":"https:\/\/jazzworldquest.com\/florin_raducanu\/wp-json\/wp\/v2\/pages\/1711\/revisions\/1721"}],"wp:attachment":[{"href":"https:\/\/jazzworldquest.com\/florin_raducanu\/wp-json\/wp\/v2\/media?parent=1711"}],"curies":[{"name":"wp","href":"https:\/\/api.w.org\/{rel}","templated":true}]}}