{"id":406,"date":"2014-05-09T21:05:55","date_gmt":"2014-05-09T21:05:55","guid":{"rendered":"http:\/\/jazzworldquest.com\/florin_raducanu\/?page_id=406"},"modified":"2025-08-09T13:09:15","modified_gmt":"2025-08-09T13:09:15","slug":"articles","status":"publish","type":"page","link":"https:\/\/jazzworldquest.com\/florin_raducanu\/articles\/","title":{"rendered":"Articles"},"content":{"rendered":"\n<p><strong>Florin Florentin R\u0102DUCANU, Felix Constantin GOLDBACH<\/strong><br><strong>Symphonism with Jazz Influences from the Perspective of the Clarinet and Saxophone<\/strong><br><a href=\"https:\/\/icc-online.arte-ct.ro\/\">Education, Research, Creation\/Vol.11, No.1, 2025<\/a><br>The study addresses a less researched field in the European space and, very little, in the local musicological research &#8211; symphonic jazz and symphonism with jazz influence. The collaboration between the authors of the study was carried out in order to reveal the aspects of symphonic creation with jazz influence from the perspective of the clarinet and the saxophone, a family of aerophones with common roots. Historical reality reveals to us that the great European composers, such as Stravinsky, Rachmaninov, Ravel, Milhaud, etc. were particularly interested in the practice and theory of jazz music, many of them being influenced by the pioneer of symphonic jazz, George Gershwin. Moreover, Stravinsky composed and dedicated the concert, analyzed in this study, to the jazz clarinetist, Woody Hermann, the composer personally working with the jazz Big band to which he added several instruments typical of the symphony orchestra.<br><a href=\"https:\/\/jazzworldquest.com\/florin_raducanu\/wp-content\/uploads\/2025\/08\/Symphonism-with-Jazz-Influences-f.pdf\">Download PDF<\/a><\/p>\n\n\n\n\t\t<style type=\"text\/css\">\n\t\t\t#gallery-1 {\n\t\t\t\tmargin: auto;\n\t\t\t}\n\t\t\t#gallery-1 .gallery-item {\n\t\t\t\tfloat: left;\n\t\t\t\tmargin-top: 10px;\n\t\t\t\ttext-align: center;\n\t\t\t\twidth: 33%;\n\t\t\t}\n\t\t\t#gallery-1 img {\n\t\t\t\tborder: 2px solid #cfcfcf;\n\t\t\t}\n\t\t\t#gallery-1 .gallery-caption {\n\t\t\t\tmargin-left: 0;\n\t\t\t}\n\t\t\t\/* see gallery_shortcode() in wp-includes\/media.php *\/\n\t\t<\/style>\n\t\t<div data-carousel-extra='{\"blog_id\":1,\"permalink\":\"https:\\\/\\\/jazzworldquest.com\\\/florin_raducanu\\\/articles\\\/\"}' id='gallery-1' class='gallery galleryid-406 gallery-columns-3 gallery-size-thumbnail'><dl class='gallery-item'>\n\t\t\t<dt class='gallery-icon portrait'>\n\t\t\t\t<a href='https:\/\/jazzworldquest.com\/florin_raducanu\/articles\/art-am-2013-07\/#main'><img width=\"150\" height=\"150\" src=\"https:\/\/jazzworldquest.com\/florin_raducanu\/wp-content\/uploads\/2014\/05\/art-AM-2013-07-150x150.jpg\" class=\"attachment-thumbnail size-thumbnail\" alt=\"Indreptarul de Arta Improvizatorica de Jazz\" loading=\"lazy\" aria-describedby=\"gallery-1-415\" data-attachment-id=\"415\" data-permalink=\"https:\/\/jazzworldquest.com\/florin_raducanu\/articles\/art-am-2013-07\/#main\" data-orig-file=\"https:\/\/jazzworldquest.com\/florin_raducanu\/wp-content\/uploads\/2014\/05\/art-AM-2013-07.jpg\" data-orig-size=\"1240,1719\" data-comments-opened=\"0\" data-image-meta=\"{&quot;aperture&quot;:&quot;0&quot;,&quot;credit&quot;:&quot;&quot;,&quot;camera&quot;:&quot;&quot;,&quot;caption&quot;:&quot;&quot;,&quot;created_timestamp&quot;:&quot;0&quot;,&quot;copyright&quot;:&quot;&quot;,&quot;focal_length&quot;:&quot;0&quot;,&quot;iso&quot;:&quot;0&quot;,&quot;shutter_speed&quot;:&quot;0&quot;,&quot;title&quot;:&quot;&quot;}\" data-image-title=\"Indreptarul de Arta Improvizatorica de Jazz\" data-image-description=\"&lt;p&gt;Indreptarul de Arta Improvizatorica de Jazz&lt;\/p&gt;\n\" data-medium-file=\"https:\/\/jazzworldquest.com\/florin_raducanu\/wp-content\/uploads\/2014\/05\/art-AM-2013-07-216x300.jpg\" data-large-file=\"https:\/\/jazzworldquest.com\/florin_raducanu\/wp-content\/uploads\/2014\/05\/art-AM-2013-07-738x1024.jpg\" \/><\/a>\n\t\t\t<\/dt>\n\t\t\t\t<dd class='wp-caption-text gallery-caption' id='gallery-1-415'>\n\t\t\t\tIndreptarul de Arta Improvizatorica de Jazz\n\t\t\t\t<\/dd><\/dl>\n\t\t\t<br style='clear: both' \/>\n\t\t<\/div>\n\n<p><strong><span style=\"color: #ff0000;\">ARTICOL NOU:&nbsp;<\/span><\/strong><\/p>\n\n\t\t<style type=\"text\/css\">\n\t\t\t#gallery-2 {\n\t\t\t\tmargin: auto;\n\t\t\t}\n\t\t\t#gallery-2 .gallery-item {\n\t\t\t\tfloat: left;\n\t\t\t\tmargin-top: 10px;\n\t\t\t\ttext-align: center;\n\t\t\t\twidth: 33%;\n\t\t\t}\n\t\t\t#gallery-2 img {\n\t\t\t\tborder: 2px solid #cfcfcf;\n\t\t\t}\n\t\t\t#gallery-2 .gallery-caption {\n\t\t\t\tmargin-left: 0;\n\t\t\t}\n\t\t\t\/* see gallery_shortcode() in wp-includes\/media.php *\/\n\t\t<\/style>\n\t\t<div data-carousel-extra='{\"blog_id\":1,\"permalink\":\"https:\\\/\\\/jazzworldquest.com\\\/florin_raducanu\\\/articles\\\/\"}' id='gallery-2' class='gallery galleryid-406 gallery-columns-3 gallery-size-thumbnail'><dl class='gallery-item'>\n\t\t\t<dt class='gallery-icon portrait'>\n\t\t\t\t<a href='https:\/\/jazzworldquest.com\/florin_raducanu\/articles\/attachment\/0001\/#main'><img width=\"150\" height=\"150\" src=\"https:\/\/jazzworldquest.com\/florin_raducanu\/wp-content\/uploads\/2022\/06\/0001-150x150.jpg\" class=\"attachment-thumbnail size-thumbnail\" alt=\"\" loading=\"lazy\" data-attachment-id=\"1388\" data-permalink=\"https:\/\/jazzworldquest.com\/florin_raducanu\/articles\/attachment\/0001\/#main\" data-orig-file=\"https:\/\/jazzworldquest.com\/florin_raducanu\/wp-content\/uploads\/2022\/06\/0001.jpg\" data-orig-size=\"1200,1600\" data-comments-opened=\"0\" data-image-meta=\"{&quot;aperture&quot;:&quot;0&quot;,&quot;credit&quot;:&quot;&quot;,&quot;camera&quot;:&quot;&quot;,&quot;caption&quot;:&quot;&quot;,&quot;created_timestamp&quot;:&quot;0&quot;,&quot;copyright&quot;:&quot;&quot;,&quot;focal_length&quot;:&quot;0&quot;,&quot;iso&quot;:&quot;0&quot;,&quot;shutter_speed&quot;:&quot;0&quot;,&quot;title&quot;:&quot;&quot;,&quot;orientation&quot;:&quot;0&quot;}\" data-image-title=\"0001\" data-image-description=\"\" data-medium-file=\"https:\/\/jazzworldquest.com\/florin_raducanu\/wp-content\/uploads\/2022\/06\/0001-225x300.jpg\" data-large-file=\"https:\/\/jazzworldquest.com\/florin_raducanu\/wp-content\/uploads\/2022\/06\/0001-768x1024.jpg\" \/><\/a>\n\t\t\t<\/dt><\/dl><dl class='gallery-item'>\n\t\t\t<dt class='gallery-icon portrait'>\n\t\t\t\t<a href='https:\/\/jazzworldquest.com\/florin_raducanu\/articles\/attachment\/0003\/#main'><img width=\"150\" height=\"150\" src=\"https:\/\/jazzworldquest.com\/florin_raducanu\/wp-content\/uploads\/2022\/06\/0003-150x150.jpg\" class=\"attachment-thumbnail size-thumbnail\" alt=\"\" loading=\"lazy\" data-attachment-id=\"1387\" data-permalink=\"https:\/\/jazzworldquest.com\/florin_raducanu\/articles\/attachment\/0003\/#main\" data-orig-file=\"https:\/\/jazzworldquest.com\/florin_raducanu\/wp-content\/uploads\/2022\/06\/0003.jpg\" data-orig-size=\"1200,1600\" data-comments-opened=\"0\" data-image-meta=\"{&quot;aperture&quot;:&quot;0&quot;,&quot;credit&quot;:&quot;&quot;,&quot;camera&quot;:&quot;&quot;,&quot;caption&quot;:&quot;&quot;,&quot;created_timestamp&quot;:&quot;0&quot;,&quot;copyright&quot;:&quot;&quot;,&quot;focal_length&quot;:&quot;0&quot;,&quot;iso&quot;:&quot;0&quot;,&quot;shutter_speed&quot;:&quot;0&quot;,&quot;title&quot;:&quot;&quot;,&quot;orientation&quot;:&quot;0&quot;}\" data-image-title=\"0003\" data-image-description=\"\" data-medium-file=\"https:\/\/jazzworldquest.com\/florin_raducanu\/wp-content\/uploads\/2022\/06\/0003-225x300.jpg\" data-large-file=\"https:\/\/jazzworldquest.com\/florin_raducanu\/wp-content\/uploads\/2022\/06\/0003-768x1024.jpg\" \/><\/a>\n\t\t\t<\/dt><\/dl>\n\t\t\t<br style='clear: both' \/>\n\t\t<\/div>\n\n<p><strong><span style=\"color: #ff0000;\">Study about History of the&nbsp; Art of Improvisation&#8221; published in&nbsp;&nbsp;4-th Interdisciplinary and Virtual Conference on Arts in Education &#8211; CIVAE 2022 Magazine.<br><a href=\"https:\/\/jazzworldquest.com\/florin_raducanu\/wp-content\/uploads\/2022\/06\/pdf24_merged.pdf\">Download PDF<\/a><\/span><\/strong><\/p>\n<hr>\n<p><span style=\"color: #000000;\"><a style=\"color: #000000;\" href=\"http:\/\/www.ucmr.org.ro\/RM-RV-5-2021.html\"><strong>REVISTA MUZICA NR.5 \/ 2021<\/strong><\/a><\/span><\/p>\n<p><strong><a href=\"https:\/\/jazzworldquest.com\/florin_raducanu\/wp-content\/uploads\/2021\/08\/RM_2021_5_3_FRaducanu_Ravel-si-Gershwin.pdf\">Florin R\u0102DUCANU \u2013 RAVEL \u0218I GERSHWIN, O RELA\u021aIE CU INFLUEN\u021a\u0102 RECIPROC\u0102 PRIN &#8220;CRIPTOCODUL&#8221; TEORIEI MUZICII DE JAZZ(PDF)<\/a><\/strong><\/p>\n<p><a href=\"https:\/\/no14plusminus.wordpress.com\/2016\/09\/10\/omul-potrivit-la-locul-potrivit-un-deziderat-tot-mai-greu-de-realizat\/\">&nbsp;Omul potrivit la locul potrivit, un deziderat tot mai greu de realizat? \/&nbsp; septembrie 10, 2016 \/ no14plusminus<\/a><\/p>\n<p><a href=\"https:\/\/no14plusminus.wordpress.com\/2016\/08\/10\/falling-in-love-with-love\/\">Falling in love\u2026 with love \/ august 10, 2016 no14 plusminus<\/a><\/p>\n<p><a href=\"https:\/\/no14plusminus.wordpress.com\/2016\/05\/10\/despre-expresie-vs-impresie-in-muzica\/\">Despre expresie vs. impresie \u00een muzic\u0103 \/ mai 10, 2016 no14plusminus<\/a><\/p>\n<p><a href=\"https:\/\/no14plusminus.wordpress.com\/2016\/04\/10\/jazz-ecumenica\/\">Jazz Ecumenica \/ aprilie 10, 2016&nbsp; no14plusminus<\/a><\/p>\n<p><a href=\"https:\/\/no14plusminus.wordpress.com\/2016\/03\/10\/jazzul-turcia-si-muzica-universala\/\">Jazzul, Turcia \u0219i muzica universal\u0103 \/&nbsp; martie 10, 2016&nbsp; no14plusminus<\/a><\/p>\n<p><a href=\"https:\/\/no14plusminus.wordpress.com\/2016\/01\/10\/colinde-romanesti-in-context-universal\/\">Colinde rom\u00e2ne\u0219ti \u00een context universal \/ ianuarie 10, 2016&nbsp; no14plusminus<\/a><\/p>\n<p><a href=\"https:\/\/no14plusminus.wordpress.com\/2015\/12\/10\/final-de-an-cu-colinde-romanesti-si-jazz\/\">Final de an cu colinde rom\u00e2ne\u0219ti\u2026 \u0219i jazz \/decembrie 10, 2015 no14plusminus<\/a><\/p>\n<p><a href=\"https:\/\/no14plusminus.wordpress.com\/2015\/10\/10\/jazz-in-versiune-simfonica\/\">Jazz \u00een versiune simfonic\u0103\u2026&nbsp;octombrie 10, 2015 , no14plusminus<\/a><\/p>\n<p><a href=\"https:\/\/no14plusminus.wordpress.com\/2015\/08\/10\/ecouri-interne-si-externe-dupa-editia-a-iv-a-a-bucharest-jazz-festival\/\">Ecouri interne \u0219i externe dup\u0103 edi\u021bia a IV-a a Bucharest Jazz Festival \/10 august , 2015 , no14plusminus<\/a><\/p>\n<p><a href=\"https:\/\/no14plusminus.wordpress.com\/2015\/07\/10\/bucharest-jazz-festival-la-a-iv-a-editie\/\">Bucharest Jazz Festival la a IV-a edi\u021bie\/ iulie 10, 2015 no 14 plusminus<\/a><\/p>\n<p><a href=\"https:\/\/no14plusminus.wordpress.com\/2014\/12\/10\/reflectie-de-iarna-despre-jazz-ul-simfonic-si-third-stream-in-romania\/\">Reflec\u021bie de iarn\u0103 despre Jazz-ul simfonic \u0219i Third Stream \u00een Rom\u00e2nia Decembrie 10, 2014 \/ no14plusminus<\/a><\/p>\n<p><a href=\"https:\/\/no14plusminus.wordpress.com\/2014\/11\/10\/jurnal-de-scena-si-culise\/\">Jurnal de\u2026 scen\u0103 \u0219i culise Noiembrie 10, 2014 \/ no14plusminus<\/a><\/p>\n<p><a href=\"https:\/\/no14plusminus.wordpress.com\/2014\/07\/10\/despre-evenimentul-cartea-romaneasca-de-jazz-si-invatamantul-de-jazz-din-romania\/\">Despre evenimentul \u201eCartea rom\u00e2neasc\u0103 de Jazz\u201d \u0219i \u00eenv\u0103\u021b\u0103m\u00e2ntul de jazz din Rom\u00e2nia<\/a><\/p>\n<p><a href=\"https:\/\/no14plusminus.wordpress.com\/2014\/05\/10\/intre-kiev-si-viena-fazioli-si-steinway-jazz-de-la-est-la-vest\/\">\u00centre Kiev \u0219i Viena, Fazioli \u0219i Steinway, jazz de la est la vest<\/a><\/p>\n<p><a href=\"http:\/\/jazzworldquest.com\/florin_raducanu\/wp-content\/uploads\/2019\/06\/Jazzul_ca_simbioza_muzicala.pdf\">\u25aa Jazzul ca simbioza muzicala(I-VI) \/PDF<\/a><\/p>\n<p>DOWNLOAD<br><a href=\"http:\/\/jazzworldquest.com\/florin_raducanu\/wp-content\/uploads\/2019\/06\/Jazzul_ca_simbioza_muzicala.epub\">&#8220;Jazzul ca simbioza muzicala I-VI &#8221; in format epub<\/a><br>for smarthphones\/tablets<\/p>","protected":false},"excerpt":{"rendered":"<p>Florin Florentin R\u0102DUCANU, Felix Constantin GOLDBACHSymphonism with Jazz Influences from the Perspective of the Clarinet and SaxophoneEducation, Research, Creation\/Vol.11, No.1, 2025The study addresses a less researched field in the European <a class=\"more-link\" href=\"https:\/\/jazzworldquest.com\/florin_raducanu\/articles\/\">Continue Reading \u2192<\/a><\/p>\n","protected":false},"author":1,"featured_media":0,"parent":0,"menu_order":0,"comment_status":"closed","ping_status":"closed","template":"","meta":{"_monsterinsights_skip_tracking":false,"_monsterinsights_sitenote_active":false,"_monsterinsights_sitenote_note":"","_monsterinsights_sitenote_category":0,"sharing_disabled":false,"spay_email":""},"_links":{"self":[{"href":"https:\/\/jazzworldquest.com\/florin_raducanu\/wp-json\/wp\/v2\/pages\/406"}],"collection":[{"href":"https:\/\/jazzworldquest.com\/florin_raducanu\/wp-json\/wp\/v2\/pages"}],"about":[{"href":"https:\/\/jazzworldquest.com\/florin_raducanu\/wp-json\/wp\/v2\/types\/page"}],"author":[{"embeddable":true,"href":"https:\/\/jazzworldquest.com\/florin_raducanu\/wp-json\/wp\/v2\/users\/1"}],"replies":[{"embeddable":true,"href":"https:\/\/jazzworldquest.com\/florin_raducanu\/wp-json\/wp\/v2\/comments?post=406"}],"version-history":[{"count":63,"href":"https:\/\/jazzworldquest.com\/florin_raducanu\/wp-json\/wp\/v2\/pages\/406\/revisions"}],"predecessor-version":[{"id":1674,"href":"https:\/\/jazzworldquest.com\/florin_raducanu\/wp-json\/wp\/v2\/pages\/406\/revisions\/1674"}],"wp:attachment":[{"href":"https:\/\/jazzworldquest.com\/florin_raducanu\/wp-json\/wp\/v2\/media?parent=406"}],"curies":[{"name":"wp","href":"https:\/\/api.w.org\/{rel}","templated":true}]}}